{"id":756,"date":"2021-09-24T02:24:45","date_gmt":"2021-09-24T00:24:45","guid":{"rendered":"https:\/\/ruth2m.com\/shop\/?post_type=product&#038;p=756"},"modified":"2022-02-13T11:12:05","modified_gmt":"2022-02-13T10:12:05","slug":"servicio-de-impresion-de-stickers","status":"publish","type":"product","link":"https:\/\/ruth2m.com\/shop\/?product=servicio-de-impresion-de-stickers","title":{"rendered":"servicio de impresi\u00f3n de STICKERS"},"content":{"rendered":"<blockquote><p>&gt;&gt;<a href=\"https:\/\/we.tl\/t-BBd3YUmZku\">Descarga la plantilla<\/a> &lt;&lt;<br \/>\nA\u00f1ade tus ilustraciones<br \/>\nGuarda en PNG transparente<br \/>\nEnv\u00edame la\/s plantilla\/s al <a href=\"mailto:ruth2m@gmail.com?subject=servicio_impresi\u00f3nSTICKERS\">mail<\/a><\/p><\/blockquote>\n<p>\u00b7 <span style=\"text-decoration: underline;\">Puedes a\u00f1adir a la IMPRESI\u00d3N y CORTE tantas ilustraciones\/dise\u00f1os como gustes<\/span>, y no es necesario dejar m\u00e1rgenes pues ya est\u00e1n contemplados en la plantilla que os facilito.<br \/>\nTal como a\u00f1adas a la plantilla yo lo imprimir\u00e9 y cortar\u00e9, presta atenci\u00f3n a los tama\u00f1os. Calcula que la plantilla corresponde a un DIN A4 con los m\u00e1rgenes de la m\u00e1quina aplicados, en ese espacio puedes colocar tantos stickers como quieras.<\/p>\n<p>\u00b7Hay que tener en cuenta que <span style=\"text-decoration: underline;\">si hay varios stickers debemos dejar un espacio entre ellos<\/span> para que el corte sea perfecto.<br \/>\nLa zona transparente quedar\u00e1 recortada, puedes a\u00f1adir m\u00e1rgenes blancos para un corte preciso o cortar a sangre.<\/p>\n<p>\u00b7El precio del servicio de impresi\u00f3n es por plantilla y copias, si deseas X copias a\u00f1ade X servicios al carrito.<\/p>\n<p>Cualquier duda o comentario no dudes en preguntarme a mi e-mail: <a href=\"mailto:ruth2m@gmail.com\">ruth2m@gmail.com<\/a><\/p>\n","protected":false},"excerpt":{"rendered":"<blockquote><p>&gt;&gt;<a href=\"https:\/\/we.tl\/t-BBd3YUmZku\">Descarga la plantilla<\/a> &lt;&lt;<br \/>\nA\u00f1ade tus ilustraciones<br \/>\nGuarda en PNG transparente<br \/>\nEnv\u00edame la\/s plantilla\/s al <a href=\"mailto:ruth2m@gmail.com?subject=servicio_impresi\u00f3nSTICKERS\">mail<\/a><\/p><\/blockquote>\n<p>\u00b7 <span style=\"text-decoration: underline;\">Puedes a\u00f1adir a la IMPRESI\u00d3N y CORTE tantas ilustraciones\/dise\u00f1os como gustes<\/span>, y no es necesario dejar m\u00e1rgenes pues ya est\u00e1n contemplados en la plantilla que os facilito.<br \/>\nTal como a\u00f1adas a la plantilla yo lo imprimir\u00e9 y cortar\u00e9, presta atenci\u00f3n a los tama\u00f1os. Calcula que la plantilla corresponde a un DIN A4 con los m\u00e1rgenes de la m\u00e1quina aplicados, en ese espacio puedes colocar tantos stickers como quieras.<\/p>\n<p>\u00b7Hay que tener en cuenta que <span style=\"text-decoration: underline;\">si hay varios stickers debemos dejar un espacio entre ellos<\/span> para que el corte sea perfecto.<br \/>\nLa zona transparente quedar\u00e1 recortada, puedes a\u00f1adir m\u00e1rgenes blancos para un corte preciso o cortar a sangre.<\/p>\n<p>\u00b7El precio del servicio de impresi\u00f3n es por plantilla y copias, si deseas X copias a\u00f1ade X servicios al carrito.<\/p>\n<p>Cualquier duda o comentario no dudes en preguntarme a mi e-mail: <a href=\"mailto:ruth2m@gmail.com\">ruth2m@gmail.com<\/a><\/p>\n","protected":false},"featured_media":757,"comment_status":"open","ping_status":"closed","template":"","meta":{"jetpack_post_was_ever_published":false,"jetpack_publicize_message":"","jetpack_publicize_feature_enabled":true,"jetpack_social_post_already_shared":true,"jetpack_social_options":{"image_generator_settings":{"template":"highway","default_image_id":0,"font":"","enabled":false},"version":2}},"product_brand":[],"product_cat":[15],"product_tag":[],"class_list":{"0":"post-756","1":"product","2":"type-product","3":"status-publish","4":"has-post-thumbnail","6":"product_cat-ruth2mshop","8":"first","9":"instock","10":"taxable","11":"shipping-taxable","12":"purchasable","13":"product-type-simple"},"yoast_head":"<!-- This site is optimized with the Yoast SEO plugin v27.4 - https:\/\/yoast.com\/product\/yoast-seo-wordpress\/ -->\n<title>servicio de impresi\u00f3n de STICKERS - ruth2mSHOP<\/title>\n<meta name=\"robots\" content=\"index, follow, max-snippet:-1, max-image-preview:large, max-video-preview:-1\" \/>\n<link rel=\"canonical\" href=\"https:\/\/ruth2m.com\/shop\/?product=servicio-de-impresion-de-stickers\" \/>\n<meta property=\"og:locale\" content=\"es_ES\" \/>\n<meta property=\"og:type\" content=\"article\" \/>\n<meta property=\"og:title\" content=\"servicio de impresi\u00f3n de STICKERS - ruth2mSHOP\" \/>\n<meta property=\"og:description\" content=\"&gt;&gt;Descarga la plantilla &lt;&lt; A\u00f1ade tus ilustraciones Guarda en PNG transparente Env\u00edame la\/s plantilla\/s al mail \u00b7 Puedes a\u00f1adir a la IMPRESI\u00d3N y CORTE tantas ilustraciones\/dise\u00f1os como gustes, y no es necesario dejar m\u00e1rgenes pues ya est\u00e1n contemplados en la plantilla que os facilito. Tal como a\u00f1adas a la plantilla yo lo imprimir\u00e9 y cortar\u00e9, presta atenci\u00f3n a los tama\u00f1os. Calcula que la plantilla corresponde a un DIN A4 con los m\u00e1rgenes de la m\u00e1quina aplicados, en ese espacio puedes colocar tantos stickers como quieras.  \u00b7Hay que tener en cuenta que si hay varios stickers debemos dejar un espacio entre ellos para que el corte sea perfecto. La zona transparente quedar\u00e1 recortada, puedes a\u00f1adir m\u00e1rgenes blancos para un corte preciso o cortar a sangre.  \u00b7El precio del servicio de impresi\u00f3n es por plantilla y copias, si deseas X copias a\u00f1ade X servicios al carrito.  Cualquier duda o comentario no dudes en preguntarme a mi e-mail: ruth2m@gmail.com\" \/>\n<meta property=\"og:url\" content=\"https:\/\/ruth2m.com\/shop\/?product=servicio-de-impresion-de-stickers\" \/>\n<meta property=\"og:site_name\" content=\"ruth2mSHOP\" \/>\n<meta property=\"article:modified_time\" content=\"2022-02-13T10:12:05+00:00\" \/>\n<meta property=\"og:image\" content=\"https:\/\/ruth2m.com\/shop\/wp-content\/uploads\/2021\/09\/servicio_impresionSTICKERS.jpg\" \/>\n\t<meta property=\"og:image:width\" content=\"700\" \/>\n\t<meta property=\"og:image:height\" content=\"700\" \/>\n\t<meta property=\"og:image:type\" content=\"image\/jpeg\" \/>\n<meta name=\"twitter:card\" content=\"summary_large_image\" \/>\n<meta name=\"twitter:label1\" content=\"Tiempo de lectura\" \/>\n\t<meta name=\"twitter:data1\" content=\"1 minuto\" \/>\n<script type=\"application\/ld+json\" class=\"yoast-schema-graph\">{\"@context\":\"https:\\\/\\\/schema.org\",\"@graph\":[{\"@type\":\"WebPage\",\"@id\":\"https:\\\/\\\/ruth2m.com\\\/shop\\\/?product=servicio-de-impresion-de-stickers\",\"url\":\"https:\\\/\\\/ruth2m.com\\\/shop\\\/?product=servicio-de-impresion-de-stickers\",\"name\":\"servicio de impresi\u00f3n de STICKERS - ruth2mSHOP\",\"isPartOf\":{\"@id\":\"https:\\\/\\\/ruth2m.com\\\/shop\\\/#website\"},\"primaryImageOfPage\":{\"@id\":\"https:\\\/\\\/ruth2m.com\\\/shop\\\/?product=servicio-de-impresion-de-stickers#primaryimage\"},\"image\":{\"@id\":\"https:\\\/\\\/ruth2m.com\\\/shop\\\/?product=servicio-de-impresion-de-stickers#primaryimage\"},\"thumbnailUrl\":\"https:\\\/\\\/ruth2m.com\\\/shop\\\/wp-content\\\/uploads\\\/2021\\\/09\\\/servicio_impresionSTICKERS.jpg\",\"datePublished\":\"2021-09-24T00:24:45+00:00\",\"dateModified\":\"2022-02-13T10:12:05+00:00\",\"breadcrumb\":{\"@id\":\"https:\\\/\\\/ruth2m.com\\\/shop\\\/?product=servicio-de-impresion-de-stickers#breadcrumb\"},\"inLanguage\":\"es\",\"potentialAction\":[{\"@type\":\"ReadAction\",\"target\":[\"https:\\\/\\\/ruth2m.com\\\/shop\\\/?product=servicio-de-impresion-de-stickers\"]}]},{\"@type\":\"ImageObject\",\"inLanguage\":\"es\",\"@id\":\"https:\\\/\\\/ruth2m.com\\\/shop\\\/?product=servicio-de-impresion-de-stickers#primaryimage\",\"url\":\"https:\\\/\\\/ruth2m.com\\\/shop\\\/wp-content\\\/uploads\\\/2021\\\/09\\\/servicio_impresionSTICKERS.jpg\",\"contentUrl\":\"https:\\\/\\\/ruth2m.com\\\/shop\\\/wp-content\\\/uploads\\\/2021\\\/09\\\/servicio_impresionSTICKERS.jpg\",\"width\":700,\"height\":700,\"caption\":\"servicio_impresionSTICKERS\"},{\"@type\":\"BreadcrumbList\",\"@id\":\"https:\\\/\\\/ruth2m.com\\\/shop\\\/?product=servicio-de-impresion-de-stickers#breadcrumb\",\"itemListElement\":[{\"@type\":\"ListItem\",\"position\":1,\"name\":\"Portada\",\"item\":\"https:\\\/\\\/ruth2m.com\\\/shop\\\/\"},{\"@type\":\"ListItem\",\"position\":2,\"name\":\"Shop\",\"item\":\"https:\\\/\\\/ruth2m.com\\\/shop\\\/?page_id=6\"},{\"@type\":\"ListItem\",\"position\":3,\"name\":\"servicio de impresi\u00f3n de STICKERS\"}]},{\"@type\":\"WebSite\",\"@id\":\"https:\\\/\\\/ruth2m.com\\\/shop\\\/#website\",\"url\":\"https:\\\/\\\/ruth2m.com\\\/shop\\\/\",\"name\":\"ruth2mSHOP\",\"description\":\"PAPELERIA BONITA y stickers KAWAII, soluciones para FAMILIAS, regalos originales y personalizados, TALLERES de dibujo y c\u00f3mic MANGA\",\"potentialAction\":[{\"@type\":\"SearchAction\",\"target\":{\"@type\":\"EntryPoint\",\"urlTemplate\":\"https:\\\/\\\/ruth2m.com\\\/shop\\\/?s={search_term_string}\"},\"query-input\":{\"@type\":\"PropertyValueSpecification\",\"valueRequired\":true,\"valueName\":\"search_term_string\"}}],\"inLanguage\":\"es\"}]}<\/script>\n<!-- \/ Yoast SEO plugin. -->","yoast_head_json":{"title":"servicio de impresi\u00f3n de STICKERS - ruth2mSHOP","robots":{"index":"index","follow":"follow","max-snippet":"max-snippet:-1","max-image-preview":"max-image-preview:large","max-video-preview":"max-video-preview:-1"},"canonical":"https:\/\/ruth2m.com\/shop\/?product=servicio-de-impresion-de-stickers","og_locale":"es_ES","og_type":"article","og_title":"servicio de impresi\u00f3n de STICKERS - ruth2mSHOP","og_description":"&gt;&gt;Descarga la plantilla &lt;&lt; A\u00f1ade tus ilustraciones Guarda en PNG transparente Env\u00edame la\/s plantilla\/s al mail \u00b7 Puedes a\u00f1adir a la IMPRESI\u00d3N y CORTE tantas ilustraciones\/dise\u00f1os como gustes, y no es necesario dejar m\u00e1rgenes pues ya est\u00e1n contemplados en la plantilla que os facilito. Tal como a\u00f1adas a la plantilla yo lo imprimir\u00e9 y cortar\u00e9, presta atenci\u00f3n a los tama\u00f1os. Calcula que la plantilla corresponde a un DIN A4 con los m\u00e1rgenes de la m\u00e1quina aplicados, en ese espacio puedes colocar tantos stickers como quieras.  \u00b7Hay que tener en cuenta que si hay varios stickers debemos dejar un espacio entre ellos para que el corte sea perfecto. La zona transparente quedar\u00e1 recortada, puedes a\u00f1adir m\u00e1rgenes blancos para un corte preciso o cortar a sangre.  \u00b7El precio del servicio de impresi\u00f3n es por plantilla y copias, si deseas X copias a\u00f1ade X servicios al carrito.  Cualquier duda o comentario no dudes en preguntarme a mi e-mail: ruth2m@gmail.com","og_url":"https:\/\/ruth2m.com\/shop\/?product=servicio-de-impresion-de-stickers","og_site_name":"ruth2mSHOP","article_modified_time":"2022-02-13T10:12:05+00:00","og_image":[{"width":700,"height":700,"url":"https:\/\/ruth2m.com\/shop\/wp-content\/uploads\/2021\/09\/servicio_impresionSTICKERS.jpg","type":"image\/jpeg"}],"twitter_card":"summary_large_image","twitter_misc":{"Tiempo de lectura":"1 minuto"},"schema":{"@context":"https:\/\/schema.org","@graph":[{"@type":"WebPage","@id":"https:\/\/ruth2m.com\/shop\/?product=servicio-de-impresion-de-stickers","url":"https:\/\/ruth2m.com\/shop\/?product=servicio-de-impresion-de-stickers","name":"servicio de impresi\u00f3n de STICKERS - ruth2mSHOP","isPartOf":{"@id":"https:\/\/ruth2m.com\/shop\/#website"},"primaryImageOfPage":{"@id":"https:\/\/ruth2m.com\/shop\/?product=servicio-de-impresion-de-stickers#primaryimage"},"image":{"@id":"https:\/\/ruth2m.com\/shop\/?product=servicio-de-impresion-de-stickers#primaryimage"},"thumbnailUrl":"https:\/\/ruth2m.com\/shop\/wp-content\/uploads\/2021\/09\/servicio_impresionSTICKERS.jpg","datePublished":"2021-09-24T00:24:45+00:00","dateModified":"2022-02-13T10:12:05+00:00","breadcrumb":{"@id":"https:\/\/ruth2m.com\/shop\/?product=servicio-de-impresion-de-stickers#breadcrumb"},"inLanguage":"es","potentialAction":[{"@type":"ReadAction","target":["https:\/\/ruth2m.com\/shop\/?product=servicio-de-impresion-de-stickers"]}]},{"@type":"ImageObject","inLanguage":"es","@id":"https:\/\/ruth2m.com\/shop\/?product=servicio-de-impresion-de-stickers#primaryimage","url":"https:\/\/ruth2m.com\/shop\/wp-content\/uploads\/2021\/09\/servicio_impresionSTICKERS.jpg","contentUrl":"https:\/\/ruth2m.com\/shop\/wp-content\/uploads\/2021\/09\/servicio_impresionSTICKERS.jpg","width":700,"height":700,"caption":"servicio_impresionSTICKERS"},{"@type":"BreadcrumbList","@id":"https:\/\/ruth2m.com\/shop\/?product=servicio-de-impresion-de-stickers#breadcrumb","itemListElement":[{"@type":"ListItem","position":1,"name":"Portada","item":"https:\/\/ruth2m.com\/shop\/"},{"@type":"ListItem","position":2,"name":"Shop","item":"https:\/\/ruth2m.com\/shop\/?page_id=6"},{"@type":"ListItem","position":3,"name":"servicio de impresi\u00f3n de STICKERS"}]},{"@type":"WebSite","@id":"https:\/\/ruth2m.com\/shop\/#website","url":"https:\/\/ruth2m.com\/shop\/","name":"ruth2mSHOP","description":"PAPELERIA BONITA y stickers KAWAII, soluciones para FAMILIAS, regalos originales y personalizados, TALLERES de dibujo y c\u00f3mic MANGA","potentialAction":[{"@type":"SearchAction","target":{"@type":"EntryPoint","urlTemplate":"https:\/\/ruth2m.com\/shop\/?s={search_term_string}"},"query-input":{"@type":"PropertyValueSpecification","valueRequired":true,"valueName":"search_term_string"}}],"inLanguage":"es"}]}},"jetpack_publicize_connections":[],"jetpack_sharing_enabled":true,"_links":{"self":[{"href":"https:\/\/ruth2m.com\/shop\/index.php?rest_route=\/wp\/v2\/product\/756","targetHints":{"allow":["GET"]}}],"collection":[{"href":"https:\/\/ruth2m.com\/shop\/index.php?rest_route=\/wp\/v2\/product"}],"about":[{"href":"https:\/\/ruth2m.com\/shop\/index.php?rest_route=\/wp\/v2\/types\/product"}],"replies":[{"embeddable":true,"href":"https:\/\/ruth2m.com\/shop\/index.php?rest_route=%2Fwp%2Fv2%2Fcomments&post=756"}],"wp:featuredmedia":[{"embeddable":true,"href":"https:\/\/ruth2m.com\/shop\/index.php?rest_route=\/wp\/v2\/media\/757"}],"wp:attachment":[{"href":"https:\/\/ruth2m.com\/shop\/index.php?rest_route=%2Fwp%2Fv2%2Fmedia&parent=756"}],"wp:term":[{"taxonomy":"product_brand","embeddable":true,"href":"https:\/\/ruth2m.com\/shop\/index.php?rest_route=%2Fwp%2Fv2%2Fproduct_brand&post=756"},{"taxonomy":"product_cat","embeddable":true,"href":"https:\/\/ruth2m.com\/shop\/index.php?rest_route=%2Fwp%2Fv2%2Fproduct_cat&post=756"},{"taxonomy":"product_tag","embeddable":true,"href":"https:\/\/ruth2m.com\/shop\/index.php?rest_route=%2Fwp%2Fv2%2Fproduct_tag&post=756"}],"curies":[{"name":"wp","href":"https:\/\/api.w.org\/{rel}","templated":true}]}}